*v + 6. Let n be z(-5). Suppose u*p + 21 = n. Let r(d) = -2*d - 1. Give r(p).
7
Let q be (-1)/((-1)/(-9) + 160/(-360)). Let v(t) be the third derivative of -15*t**2 + 0*t - 1/24*t**4 + 0 - 1/6*t**q. Give v(-6).
5
Let b(d) be the second derivative of d**4/3 - 13*d**3/3 + 9*d**2 + 2*d + 4. Let f be b(6). Let k(a) = -a**2 + 6*a - 5. What is k(f)?
-5
Let o(v) = v**2 - 8*v + 1. Suppose -y - 13 = 2*g, 3*g + 0*y + 2*y = -22. Suppose 0 = 15*z - 17 - 58. Let w be (4 + -8)/g + (z - -2). Calculate o(w).
1
Let y(r) = 3*r**2 - 31*r - 18. Let u be y(11). Let h(x) = -10*x + 13 + 14*x - u*x - x**3 - 9*x**2. What is h(-9)?
13
Let m(t) = -2*t**3 - 7*t**2 - 4*t + 16. Let q(k) = -k**3 - 6*k**2 - 3*k + 12. Let f(c) = 2*m(c) - 3*q(c). Suppose 2*l = 5*z - 24, 3*l + l + 4 = -z. Give f(z).
0
Suppose -4*c = 7 - 27. Let o(l) = -24*l**3 + 5*l - 4 - 6*l**2 + 6*l**3 + 15*l**3 + 4*l**3 + 0*l. What is o(c)?
-4
Let h be ((-170)/(-136))/(15/36). Let u(b) be the third derivative of 0 - 1/24*b**4 + 0*b - 2/3*b**h + 13*b**2. Calculate u(-3).
-1
Let o(j) = 1866*j - 27*j**3 - 1855*j - 20 + 8*j**2 + 26*j**3. Give o(9).
-2
Let j = -8385 + 8389. Let x(v) = -v**3 + 27*v**2 - 97*v + 14. Give x(j).
-6
Let b be (166/4)/((-2)/(-8)) - 2. Let m(y) = b + 166 - 332 - y. Determine m(-1).
-1
Let f be (-2)/((-90)/(-15)) + 32/6. Let q(t) be the third derivative of -12*t**2 + 0*t + 1/6*t**3 - 1/60*t**f - 1/4*t**4 + 0. Determine q(-6).
1
Let h = -1422 + 1423. Let a(v) = 8*v**2 - v + 2. Give a(h).
9
Let o(g) = 2*g**2 - g. Suppose -r + 10*r = -3*r. Suppose r = -68*w + 69*w. Suppose 8*y - y + 7 = w. Give o(y).
3
Let x(m) = 893*m + 3574. Let u be x(-4). Let r(k) be the first derivative of -26 + 0*k + 1/2*k**u. What is r(-4)?
-4
Let t be (-1 + 0)*1*1. Suppose 2*v + 164 = 2*m, 33*v - 8 = 31*v. Let p(s) = -m*s**2 + 22*s**2 + 28*s**2 + 35*s**2 + 2*s**3. Determine p(t).
-3
Let l(k) = -191*k + 2*k**2 - 5*k**2 + 4*k**2 + 193*k - 4*k**3 - 1. Suppose -3*w + 6 + 0 = 0. Calculate l(w).
-25
Let b(c) = -27*c - 77*c**2 - c**3 - 12666 + 48*c**2 + 12706. Give b(-28).
12
Let v(r) = -r**2 - r + 2. Suppose -236 = -92*y - 512. Determine v(y).
-4
Let z(o) = -2*o + 4. Let p be z(-3). Let w(h) = -8*h - 3*h + h**2 - 12*h**3 + p*h - h**3 - 2. What is w(-1)?
13
Let b(m) = 3*m**2 - 4. Let o = 34 + -32. Let z be b(o). Let a(q) = 7*q**2 + 3 - 4 + 7*q - z*q. What is a(-1)?
7
Let r(w) = -w**2 + 13*w + 15. Suppose 4*d = 5*g + 76, 120 - 86 = d - 5*g. What is r(d)?
1
Let a(f) = 15*f - 3. Suppose 4*z = -5*r + 4*r - 13, -2*z = 4*r - 4. Calculate a(r).
42
Let u(v) = 2*v**3 + 5*v**2 + 2*v + 2. Let i be u(-4). Let p = i - -56. Let r(o) = p*o - 2 + 3 - 6*o + 0*o. Calculate r(-1).
5
Let k(p) = 2*p**2 + 33*p - 191. Suppose 3*y + 3*a = -48, -2*a - 57 = 2*y - 5*a. Calculate k(y).
-2
Let f(w) be the third derivative of w**5/12 - w**4/24 - w**3/2 - 923*w**2. Determine f(2).
15
Let t(k) = 2*k**3 - 14*k**2 - 7*k - 6. Let n(z) = 7*z**3 - 47*z**2 - 22*z - 18. Let i(v) = -3*n(v) + 10*t(v). What is i(0)?
-6
Let g(v) = 6 - v**2 + 50*v - 228*v + 148*v + 39*v. Suppose -f + 15 = 2*q, -f - 6 = f. Determine g(q).
6
Let v(m) be the first derivative of m**2/2 - 4*m - 13. Suppose -6*o + 35*o = -0*o. Determine v(o).
-4
Suppose -2*q + 0*q + 4*u = 6, 0 = 3*q - 4*u - 1. Let s(y) = -11*y - 18 - q + 26. Give s(-1).
12
Let m = -233 - -240. Let y(j) = 8*j + 3 + 6*j + 7*j - 20*j - m. Give y(0).
-4
Let b(x) = 5*x**2 - 2*x - 11. Let n(g) = -14*g**2 + 5*g + 32. Let a = -206 - -210. Let q(w) = a*n(w) + 11*b(w). Give q(-5).
-8
Let i(u) = 2*u**3 - 4*u**2 + u + 1. Let g be (10/3)/(-5*4/(-30)). Suppose -b + g*f = -0*b - 4, -3*b = f + 4. Let j be (-3 - -3 - -3)*(2 + b). Give i(j).
22
Let r(f) = -f**3 + 5*f**2 + 8*f - 23. Suppose -33*o - 23*o + 4*o + 312 = 0. Calculate r(o).
-11
Let c(w) = -6*w**2 - 3 - w - 3 - 2*w + 5*w**2. Let t be c(-4). Let o be (-13)/(-65) - 3*6/t. Let p(m) = -3*m**2 + 2. Calculate p(o).
-10
Let k(b) be the second derivative of b**4/12 + 7*b**3/2 - 48*b**2 - 5113*b. Calculate k(-25).
4
Let s(j) = -2*j + 24. Let o(b) = -9*b + 97. Let k(p) = -4*o(p) + 17*s(p). Calculate k(-15).
-10
Let o(y) = -y**2 + 13*y - 9. Let i(z) = -z + 1. Let s(m) = 6*i(m) + o(m). Let q(r) = -8*r**2 + 57*r + 2. Let n be q(7). Suppose -4*l - 25 = -n*l. What is s(l)?
7
Let c = 146 - -460. Let d(n) = 2*n + 579 - c + 0*n. What is d(15)?
3
Let o(u) = -42*u + 132. Let s(d) = -116*d + 1279. Let n be s(11). Give o(n).
6
Let z be ((-9)/(-3) - -2)*(-2 - 12)/(-14). Let d(q) = -8*q - 15. Calculate d(z).
-55
Let g(l) = l**2 + 38*l + 114. Suppose -2 = -h, 3*h + 7 + 22 = -m. Let w be g(m). Let n(y) = -y**3 + 10*y**2 - 8*y + 10. Calculate n(w).
19
Suppose -9 - 1 = -g. Let k be 20/70 + (-12)/(-7). Let q(m) = -3*m**2 - 3*m**2 - 8*m + 5*m**k - g. Determine q(-8).
-10
Let o be -10*(-7)/14 - -167. Let f(k) = 9*k**2 - 174*k + 347*k - o*k + k**3. Give f(-9).
-9
Suppose 2*b + 0*b + 16 = 0. Let i(y) be the third derivative of y**6/120 + 3*y**5/20 + 11*y**4/24 - y**3/6 - 52*y**2 + 508*y. Determine i(b).
-25
Let h = 347 + -345. Let r(p) = -p**3 + 29*p - 67 + 4*p**h + 74 - 23*p. Give r(6).
-29
Suppose -24*c + 5063 = 58*c + 881. Let r(q) = 3*q**2 - 154*q + 54. Determine r(c).
3
Suppose -12*v - 4186 = v. Let p = -322 - v. Let j(y) = y**3 - y - 2. Give j(p).
-2
Let d = 7907 - 7910. Let i(f) = 5*f**2 + 15*f + 24. What is i(d)?
24
Let b = 26 - 23. Let t(g) = 4*g - b - 3*g - 7 + 3*g. Let p be (-3 - 124/(-12)) + 1/(-3). Determine t(p).
18
Suppose 3*s - 121 + 591 = 4*l, 5*l = -2*s + 576. Suppose 4*j + 74 = -2*b + 182, 4*j = -4*b + l. Let y(z) = -1 + 26*z + j*z - 50*z. Give y(-4).
-5
Let o(u) = -2*u**2 + 51*u - 31. Suppose -5*w = i + 21 - 151, -4*w + 4*i + 80 = 0. Determine o(w).
-6
Let z(x) = -x**3 + 6*x**2 + 7*x + 5. Let a = 132 - 297. Let j = a + 113. Let q be 4*((-2)/(-3) + j/(-48)). Determine z(q).
5
Suppose 59*j - 7*j = 6604. Let m(w) = -28 + 11*w**3 - 28 - w**2 + w + j - 37 - 35. Calculate m(1).
10
Let n(o) be the first derivative of o**5/60 - 3*o**4/8 + 2*o**3/3 + 206*o + 150. Let u(a) be the third derivative of n(a). Determine u(6).
3
Let i(w) be the second derivative of 3*w**3/2 + 59*w**2 - 6663*w. Give i(-13).
1
Let q(n) = 9*n**2. Suppose 5*i + 11 = -3*o + 17, -2*o + 4 = 2*i. Determine q(o).
36
Let z(n) be the first derivative of -n**3/3 - 2*n**2 - n + 178. Let l = 6 - 18. Let a be l/(-30) - (-66)/(-15). What is z(a)?
-1
Let h(g) = -g**3 + 2*g**2 - 3*g + 2. Let c be 85/25 + (-4)/10. Suppose -4*r + c*s + 6 = 2*s, -3*r + 1 = s. Suppose 2*v - x = r, -2*v - 3*v + 13 = x. Give h(v).
-4
Let d = -4387 + 4412. Let z(g) = 2*g**3 - 50*g**2. Calculate z(d).
0
Let m(d) = -d**3. Let t(s) = -2*s**3 + s**2 + 4. Let l(b) = -m(b) + t(b). Suppose -16 = 5*o - 3*q - 1, 0 = 3*o + 4*q - 20. Suppose o = h + 2*h. What is l(h)?
4
Let y be (-16 - -3 - 1*-12)*-17. Let q(g) = -7*g + 122. Determine q(y).
3
Let n(b) be the first derivative of b**3/3 - 3*b**2/2 - 46*b - 76. Let j be n(-6). Let c(x) be the first derivative of -x**2 + 11*x - 2. What is c(j)?
-5
Let d = -9 - -12. Suppose -c + 1 + 2 = 0. Let v(o) = -4*o**2 - c + 3*o**2 + 7. Calculate v(d).
-5
Let u = -37 + 44. Let y(m) = -3*m + 22. Let p be y(u). Let j be -7 + (-8 - -10 - p/(-1)). Let x(z) = -z**2 - 2*z + 3. What is x(j)?
-5
Let m be (7 + (-90)/14)/((-10)/(-35)). Let h(u) = 4*u**2 + 12 - 9*u - 11 + 5*u - 2*u**m + u. Calculate h(3).
10
Let c = 46 + -43. Suppose 2 = -5*p - c*s - 215, p = 2*s - 46. Let u = p + 48. Let y(i) = -i**2 + 6*i - 5. Give y(u).
3
Let c(v) = -v**2 + 7*v - 8. Let f be c(5). Let z(y) = -f*y**3 + 8 - y**3 - 6 + y + 0*y. Calculate z(2).
-20
Let m(k) = -8*k**3 + 21*k**2 + 35*k + 16. Let b(t) = 11*t**3 - 31*t**2 - 52*t - 22. Let u(g) = -5*b(g) - 7*m(g). Determine u(-5).
-2
Let l = -67 - -76. Suppose 19*h = l*h + 40. Let z(s) = s**2 - 3*s + 1. What is z(h)?
5
Let x(z) = z**2 + 2*z - 3. Let q be -71*6/(-9)*(-21)/14. Let a = q - -89. Suppose 5*d + a = l, 0 = -0*d + 4*d - 2*l + 18. Calculate x(d).
0
Let d(a) = 2*a + 2484 - 1315 + 2*a - 1244. Determine d(22).
13
Let d(t) = 5*t + 3*t**3 + 5*t + 20*t + 7*t**2 - 2*t**3 + 4*t**2 + 3. Determine d(-7).
-11
Let r(j) = j - 9. Let i be r(-6). Let w(h) = -h - 16. Let p be w(i). Let m(d) = 14*d. Let y(b) = -16*b. Let z(c) = -5*m(c) - 4*y(c). Give z(p).
6
Let m(k) = 5*k + 30. Let a = 183 + -185. Let r(o) = -o - 7. Let w(g) = a*m